 of 159444284?
4
What is the units digit of 1016142324?
4
What is the thousands digit of 416614062?
4
What is the thousands digit of 64286752?
6
What is the thousands digit of 13526223?
6
What is the ten millions digit of 133077418?
3
What is the ten thousands digit of 996477662?
7
What is the millions digit of 42264836?
2
What is the tens digit of 1166145204?
0
What is the hundred thousands digit of 51417506?
4
What is the hundreds digit of 288735406?
4
What is the ten millions digit of 359850725?
5
What is the tens digit of 2030964979?
7
What is the ten thousands digit of 140239067?
3
What is the ten thousands digit of 79054916?
5
What is the tens digit of 6174977?
7
What is the thousands digit of 819491782?
1
What is the thousands digit of 105352502?
2
What is the tens digit of 596747113?
1
What is the hundreds digit of 168286139?
1
What is the thousands digit of 7912601?
2
What is the thousands digit of 60105589?
5
What is the hundred millions digit of 2157667446?
1
What is the ten millions digit of 41997706?
4
What is the hundred thousands digit of 794270863?
2
What is the thousands digit of 901059081?
9
What is the thousands digit of 2762980540?
0
What is the millions digit of 1202519793?
2
What is the millions digit of 100771557?
0
What is the units digit of 62005839?
9
What is the thousands digit of 3920217645?
7
What is the hundred thousands digit of 1925172177?
1
What is the hundred thousands digit of 2885640217?
6
What is the thousands digit of 41133901?
3
What is the ten thousands digit of 2187271727?
7
What is the ten thousands digit of 4050729944?
2
What is the ten thousands digit of 274934631?
3
What is the thousands digit of 756694458?
4
What is the hundreds digit of 606726027?
0
What is the hundred thousands digit of 5521272234?
2
What is the ten thousands digit of 6149093095?
9
What is the hundred millions digit of 4268416404?
2
What is the hundreds digit of 1848723987?
9
What is the thousands digit of 362218648?
8
What is the ten millions digit of 3905137865?
0
What is the ten thousands digit of 147469288?
6
What is the ten millions digit of 79269937?
7
What is the millions digit of 708813901?
8
What is the millions digit of 36804676?
6
What is the tens digit of 597897359?
5
What is the ten millions digit of 208668408?
0
What is the tens digit of 9967075?
7
What is the units digit of 24304915?
5
What is the ten thousands digit of 66697078?
9
What is the billions digit of 2340688549?
2
What is the billions digit of 2348797395?
2
What is the billions digit of 1253680584?
1
What is the hundreds digit of 581309498?
4
What is the hundreds digit of 376778532?
5
What is the ten millions digit of 6720052461?
2
What is the units digit of 1663294284?
4
What is the thousands digit of 120554493?
4
What is the ten millions digit of 185785038?
8
What is the ten thousands digit of 226349?
2
What is the units digit of 81862231?
1
What is the ten thousands digit of 2960475119?
7
What is the units digit of 1052703161?
1
What is the tens digit of 51624975?
7
What is the tens digit of 338166679?
7
What is the tens digit of 6956792?
9
What is the tens digit of 5275079?
7
What is the hundred thousands digit of 1111658535?
6
What is the ten thousands digit of 5565884003?
8
What is the hundred thousands digit of 114736923?
7
What is the units digit of 15768176?
6
What is the hundred millions digit of 403604954?
4
What is the hundred thousands digit of 94405906?
4
What is the units digit of 817365806?
6
What is the millions digit of 38625579?
8
What is the millions digit of 36526543?
6
What is the ten millions digit of 61112301?
6
What is the ten millions digit of 967147807?
6
What is the ten millions digit of 14890195?
1
What is the hundreds digit of 736757323?
3
What is the thousands digit of 30287262?
7
What is the tens digit of 67206411?
1
What is the tens digit of 446564893?
9
What is the ten millions digit of 906451805?
0
What is the units digit of 30674918?
8
What is the units digit of 526018868?
8
What is the hundred thousands digit of 173648939?
6
What is the millions digit of 145853508?
5
What is the millions digit of 7019813?
7
What is the hundred thousands digit of 303427876?
4
What is the units digit of 54913009?
9
What is the thousands digit of 89808005?
8
What is the hundreds digit of 7243071557?
5
What is the hundred thousands digit of 902450118?
4
What is the ten thousands digit of 20879332?
7
What is the thousands digit of 1768463606?
3
What is the billions digit of 2856919022?
2
What is the hundred thousands digit of 45802219?
8
What is the ten millions digit of 257953229?
5
What is the units digit of 9857589?
9
What is the units digit of 736893675?
5
What is the billions digit of 4185306037?
4
What is the units digit of 1034381620?
0
What is the millions digit of 9262736?
9
What is the hundred millions digit of 453408850?
4
What is the tens digit of 485263742?
4
What is the millions digit of 80494176?
0
What is the ten millions digit of 5137658131?
3
What is the hundred millions digit of 891132631?
8
What is the ten thousands digit of 1583264736?
6
What is the tens digit of 2755349085?
8
What is the thousands digit of 14771795?
1
What is the units digit of 70529307?
7
What is the ten millions digit of 314318793?
1
What is the hundreds digit of 253905046?
0
What is the tens digit of 21700151?
5
What is the ten millions digit of 570672976?
7
What is the hundred thousands digit of 628317189?
3
What is the units digit of 53577705?
5
What is the millions digit of 38040380?
8
What is the thousands digit of 42192923?
2
What is the hundred millions digit of 988133132?
9
What is the units digit of 10425452?
2
What is the tens digit of 2374049079?
7
What is the tens digit of 59207832?
3
What is the units digit of 97743843?
3
What is the ten thousands digit of 130425406?
2
What is the units digit of 1149063175?
5
What is the thousands digit of 34086650?
6
What is the units digit of 877787533?
3
What is the hundreds digit of 22811599?
5
What is the millions digit of 544926646?
4
What is the ten millions digit of 28532420?
2
What is the millions digit of 28163453?
8
What is the hundreds digit of 38149894?
8
What is the ten millions digit of 5355442362?
5
What is the ten millions digit of 923544623?
2
What is the ten millions digit of 585178019?
8
What is the thousands digit of 4358402741?
2
What is the hundred millions digit of 6895385513?
8
What is the ten thousands digit of 653747625?
4
What is the tens digit of 57219639?
3
What is the hundred millions digit of 3073402684?
0
What is the millions digit of 151060881?
1
What is the hundred thousands digit of 166724687?
7
What is the ten thousands digit of 42858024?
5
What is the hundreds digit of 3225993561?
5
What is the ten millions digit of 134575896?
3
What is the thousands digit of 248105755?
5
What is the tens digit of 44687649?
4
What is the tens digit of 159818899?
9
What is the ten millions digit of 46742007?
4
What is the ten thousands digit of 119932918?
3
What is the hundred thousands digit of 183982820?
9
What is the tens digit of 756269164?
6
What is the hundred thousands digit of 29722601?
7
What is the units digit of 293263076?
6
What is the thousands digit of 761601925?
1
What is the ten millions digit of 93813646?
9
What is the thousands digit of 233129127?
9
What is the units digit of 4248855144?
4
What is the tens digit of 377864948?
4
What is the ten millions digit of 89986562?
8
What is the millions digit of 174046036?
4
What is the ten millions digit of 180247755?
8
What is the ten millions digit of 46110167?
4
What is the ten thousands digit of 8183763?
8
What is the billions digit of 1768928362?
1
What is the millions digit of 57898270?
7
What is the hundred millions digit of 999263744?
9
What is the units digit of 3549991095?
5
What is the tens digit of 1402680723?
2
What is the hundreds digit of 4527410367?
3
What is the hundred thousands digit of 5059512?
0
What is the units digit of 4535564164?
4
What is the ten millions digit of 1738945938?
3
What is the hundred millions digit of 2412412494?
4
What is the tens digit of 859536956?
5
What is the hundred thousands digit of 80270998?
2
What is the ten millions digit of 224665915?
2
What is the hundreds digit of 1